{"id":195,"date":"2014-07-11T22:16:31","date_gmt":"2014-07-11T22:16:31","guid":{"rendered":"http:\/\/www.asociacionvegana.es\/?page_id=195"},"modified":"2014-07-11T22:17:47","modified_gmt":"2014-07-11T22:17:47","slug":"hojas-informativas","status":"publish","type":"page","link":"https:\/\/www.asociacionvegana.es\/?page_id=195","title":{"rendered":"Hojas informativas"},"content":{"rendered":"<p>En esta secci\u00f3n incluimos la traducci\u00f3n de algunas hojas informativas publicadas por la\u00a0<a href=\"http:\/\/www.vegansociety.com\/\">Vegan Society<\/a>\u00a0brit\u00e1nica.<\/p>\n<ul style=\"color: #000000;\">\n<li><span style=\"font-family: Arial, Helvetica; font-size: xx-small;\"><a href=\"http:\/\/www.ivu.org\/ave\/hierro.html\">El Hierro<\/a><\/span><\/li>\n<\/ul>\n<ul style=\"color: #000000;\">\n<li><span style=\"font-family: Arial, Helvetica; font-size: xx-small;\"><a href=\"http:\/\/www.ivu.org\/ave\/calcio.html\">El Calcio<\/a><\/span><\/li>\n<\/ul>\n<ul style=\"color: #000000;\">\n<li><span style=\"font-family: Arial, Helvetica; font-size: xx-small;\"><a href=\"http:\/\/www.ivu.org\/ave\/yodo.html\">El Yodo<\/a><\/span><\/li>\n<\/ul>\n<ul style=\"color: #000000;\">\n<li><span style=\"font-family: Arial, Helvetica; font-size: xx-small;\"><a href=\"http:\/\/www.ivu.org\/ave\/vitamd.html\">La Vitamina D<\/a><\/span><\/li>\n<\/ul>\n<ul style=\"color: #000000;\">\n<li><span style=\"font-family: Arial, Helvetica; font-size: xx-small;\"><a href=\"http:\/\/www.ivu.org\/ave\/grasos.html\">\u00c1cidos grasos esenciales<\/a><\/span><\/li>\n<\/ul>\n<ul style=\"color: #000000;\">\n<li><span style=\"font-family: Arial, Helvetica; font-size: xx-small;\"><a href=\"http:\/\/www.ivu.org\/ave\/embarazo.html\">Gu\u00eda pr\u00e1ctica para una alimentaci\u00f3n vegana durante el embarazo e infancia<\/a><\/span><\/li>\n<\/ul>\n<ul style=\"color: #000000;\">\n<li><span style=\"font-family: Arial, Helvetica; font-size: xx-small;\"><a href=\"http:\/\/www.ivu.org\/ave\/diabetes.html\">La Diabetes<\/a><\/span><\/li>\n<\/ul>\n<ul style=\"color: #000000;\">\n<li><span style=\"font-family: Arial, Helvetica; font-size: xx-small;\"><a href=\"http:\/\/www.ivu.org\/ave\/abejas.html\">Las Abejas y la Miel<\/a><\/span><\/li>\n<\/ul>\n<ul style=\"color: #000000;\">\n<li><span style=\"font-family: Arial, Helvetica; font-size: xx-small;\"><a href=\"http:\/\/www.ivu.org\/ave\/cuero.html\">El Cuero y las Pieles<\/a><\/span><\/li>\n<\/ul>\n<ul style=\"color: #000000;\">\n<li><span style=\"font-family: Arial, Helvetica; font-size: xx-small;\"><a href=\"http:\/\/www.ivu.org\/ave\/vivi.html\">Vivisecci\u00f3n<\/a><\/span><\/li>\n<\/ul>\n<ul style=\"color: #000000;\">\n<li><span style=\"font-family: Arial, Helvetica; font-size: xx-small;\"><a href=\"http:\/\/www.ivu.org\/ave\/alcohol.html\">Alcohol<\/a><\/span><\/li>\n<\/ul>\n<ul style=\"color: #000000;\">\n<li><span style=\"font-family: Arial, Helvetica; font-size: xx-small;\"><a href=\"http:\/\/www.ivu.org\/ave\/famosos.html\">Famosos Veganos<\/a><\/span><\/li>\n<\/ul>\n<ul style=\"color: #000000;\">\n<li><span style=\"font-family: Arial, Helvetica; font-size: xx-small;\"><a href=\"http:\/\/www.ivu.org\/ave\/mayores.html\">Veganismo para mayores de 60 a\u00f1os<\/a><\/span><\/li>\n<\/ul>\n<ul style=\"color: #000000;\">\n<li><span style=\"font-family: Arial, Helvetica; font-size: xx-small;\"><a href=\"http:\/\/www.ivu.org\/ave\/b12sheet.html\">Lo que todo vegano debe saber acerca de la vitamina B12<\/a><\/span>\u00a0<i>&#8211; los resultados de un reciente estudio (aqu\u00ed est\u00e1 disponible tambi\u00e9n en un\u00a0<a href=\"http:\/\/www.ivu.org\/ave\/b12sheet.rtf\">documento Word en formato RTF<\/a>, de 34 Kb)<\/i><\/li>\n<\/ul>\n<ul style=\"color: #000000;\">\n<li><span style=\"font-family: Arial, Helvetica; font-size: xx-small;\"><a href=\"http:\/\/www.ivu.org\/ave\/glosario.html\">Glosario de sustancias de origen animal<\/a><\/span><\/li>\n<\/ul>\n<ul style=\"color: #000000;\">\n<li><span style=\"font-family: Arial, Helvetica; font-size: xx-small;\"><a href=\"http:\/\/www.ivu.org\/ave\/grupo.html\">C\u00f3mo iniciar un grupo vegano<\/a><\/span><\/li>\n<\/ul>\n","protected":false},"excerpt":{"rendered":"<p>En esta secci\u00f3n incluimos la traducci\u00f3n de algunas hojas informativas publicadas por la\u00a0Vegan Society\u00a0brit\u00e1nica. El Hierro El Calcio El Yodo La Vitamina D \u00c1cidos grasos esenciales Gu\u00eda pr\u00e1ctica para una alimentaci\u00f3n vegana durante el embarazo e infancia La Diabetes Las Abejas y la Miel El Cuero y las Pieles Vivisecci\u00f3n Alcohol Famosos Veganos Veganismo para &hellip; <a href=\"https:\/\/www.asociacionvegana.es\/?page_id=195\" class=\"more-link\">Seguir leyendo <span class=\"screen-reader-text\">Hojas informativas<\/span> <span class=\"meta-nav\">&rarr;<\/span><\/a><\/p>\n","protected":false},"author":3,"featured_media":0,"parent":87,"menu_order":7,"comment_status":"closed","ping_status":"closed","template":"","meta":{"footnotes":""},"class_list":["post-195","page","type-page","status-publish","hentry"],"_links":{"self":[{"href":"https:\/\/www.asociacionvegana.es\/index.php?rest_route=\/wp\/v2\/pages\/195","targetHints":{"allow":["GET"]}}],"collection":[{"href":"https:\/\/www.asociacionvegana.es\/index.php?rest_route=\/wp\/v2\/pages"}],"about":[{"href":"https:\/\/www.asociacionvegana.es\/index.php?rest_route=\/wp\/v2\/types\/page"}],"author":[{"embeddable":true,"href":"https:\/\/www.asociacionvegana.es\/index.php?rest_route=\/wp\/v2\/users\/3"}],"replies":[{"embeddable":true,"href":"https:\/\/www.asociacionvegana.es\/index.php?rest_route=%2Fwp%2Fv2%2Fcomments&post=195"}],"version-history":[{"count":1,"href":"https:\/\/www.asociacionvegana.es\/index.php?rest_route=\/wp\/v2\/pages\/195\/revisions"}],"predecessor-version":[{"id":196,"href":"https:\/\/www.asociacionvegana.es\/index.php?rest_route=\/wp\/v2\/pages\/195\/revisions\/196"}],"up":[{"embeddable":true,"href":"https:\/\/www.asociacionvegana.es\/index.php?rest_route=\/wp\/v2\/pages\/87"}],"wp:attachment":[{"href":"https:\/\/www.asociacionvegana.es\/index.php?rest_route=%2Fwp%2Fv2%2Fmedia&parent=195"}],"curies":[{"name":"wp","href":"https:\/\/api.w.org\/{rel}","templated":true}]}}