{"id":139,"date":"2014-07-07T04:29:59","date_gmt":"2014-07-07T04:29:59","guid":{"rendered":"http:\/\/www.asociacionvegana.es\/?page_id=139"},"modified":"2015-07-05T12:27:07","modified_gmt":"2015-07-05T12:27:07","slug":"bienvenidos","status":"publish","type":"page","link":"https:\/\/www.asociacionvegana.es\/","title":{"rendered":"Bienvenidos \/ Welcome"},"content":{"rendered":"<p><a href=\"http:\/\/www.asociacionvegana.es\/wp-content\/uploads\/2014\/06\/PICT0072.jpg\"><img loading=\"lazy\" decoding=\"async\" class=\"alignnone  wp-image-134\" src=\"http:\/\/www.asociacionvegana.es\/wp-content\/uploads\/2014\/06\/PICT0072-300x225.jpg\" alt=\"KONICA MINOLTA DIGITAL CAMERA\" width=\"551\" height=\"352\" \/><\/a><\/p>\n<p>Los\u00a0objetivos de\u00a0la Asociaci\u00f3n Vegana Espa\u00f1ola (AVE) se encuadran\u00a0en la promoci\u00f3n, defensa y estudio del modo de vida vegano y su filosof\u00eda.<\/p>\n<p>El veganismo debe ser definido como un estilo de vida centrado en la exclusi\u00f3n razonable, en la medida en que sea posible y practicable, de toda forma de explotaci\u00f3n y crueldad hacia la utilizaci\u00f3n de los animales como alimento, ropa u otros usos.<\/p>\n<p>En t\u00e9rminos diet\u00e9ticos se refiere a la pr\u00e1ctica de excluir todo producto de origen animal, incluyendo, carne, pescado, caza, huevos, leches animales, miel u otros derivados.<\/p>\n<p>La persona vegana aborreciendo de las pr\u00e1cticas crueles utilizadas en la producci\u00f3n animal y dentro de una concepci\u00f3n \u00e9tica natural, asume este modo de vida respetando el entorno del mundo en que vivimos, y bien por motivos de salud, ecol\u00f3gicos, \u00e9ticos u otras razones, trata de vivir sin explotar a los animales en beneficio del planeta y de los animales humanos y no humanos, excluyendo de su alimentaci\u00f3n todos los productos de origen animal: carne, pescado, mariscos, l\u00e1cteos, huevos o miel, entre otros, y evitando tambi\u00e9n los productos de origen animal para vestirse, como pieles, cuero, lana, seda, plumas, etc, o cualquier otro uso, como en cosm\u00e9tica y actividades de ocio o recreo.<\/p>\n","protected":false},"excerpt":{"rendered":"<p>Los\u00a0objetivos de\u00a0la Asociaci\u00f3n Vegana Espa\u00f1ola (AVE) se encuadran\u00a0en la promoci\u00f3n, defensa y estudio del modo de vida vegano y su filosof\u00eda. El veganismo debe ser definido como un estilo de vida centrado en la exclusi\u00f3n razonable, en la medida en que sea posible y practicable, de toda forma de explotaci\u00f3n y crueldad hacia la utilizaci\u00f3n &hellip; <a href=\"https:\/\/www.asociacionvegana.es\/\" class=\"more-link\">Seguir leyendo <span class=\"screen-reader-text\">Bienvenidos \/ Welcome<\/span> <span class=\"meta-nav\">&rarr;<\/span><\/a><\/p>\n","protected":false},"author":3,"featured_media":0,"parent":0,"menu_order":0,"comment_status":"closed","ping_status":"closed","template":"","meta":{"footnotes":""},"class_list":["post-139","page","type-page","status-publish","hentry"],"_links":{"self":[{"href":"https:\/\/www.asociacionvegana.es\/index.php?rest_route=\/wp\/v2\/pages\/139","targetHints":{"allow":["GET"]}}],"collection":[{"href":"https:\/\/www.asociacionvegana.es\/index.php?rest_route=\/wp\/v2\/pages"}],"about":[{"href":"https:\/\/www.asociacionvegana.es\/index.php?rest_route=\/wp\/v2\/types\/page"}],"author":[{"embeddable":true,"href":"https:\/\/www.asociacionvegana.es\/index.php?rest_route=\/wp\/v2\/users\/3"}],"replies":[{"embeddable":true,"href":"https:\/\/www.asociacionvegana.es\/index.php?rest_route=%2Fwp%2Fv2%2Fcomments&post=139"}],"version-history":[{"count":6,"href":"https:\/\/www.asociacionvegana.es\/index.php?rest_route=\/wp\/v2\/pages\/139\/revisions"}],"predecessor-version":[{"id":499,"href":"https:\/\/www.asociacionvegana.es\/index.php?rest_route=\/wp\/v2\/pages\/139\/revisions\/499"}],"wp:attachment":[{"href":"https:\/\/www.asociacionvegana.es\/index.php?rest_route=%2Fwp%2Fv2%2Fmedia&parent=139"}],"curies":[{"name":"wp","href":"https:\/\/api.w.org\/{rel}","templated":true}]}}