{"id":116,"date":"2014-07-06T12:43:28","date_gmt":"2014-07-06T12:43:28","guid":{"rendered":"http:\/\/www.asociacionvegana.es\/?page_id=116"},"modified":"2014-07-11T12:45:36","modified_gmt":"2014-07-11T12:45:36","slug":"dieta-vegana-durante-el-embarazo-y-la-lactancia","status":"publish","type":"page","link":"https:\/\/www.asociacionvegana.es\/?page_id=116","title":{"rendered":"Dieta vegana durante\u00a0 el embarazo y la lactancia"},"content":{"rendered":"<table width=\"95%\">\n<tbody>\n<tr>\n<td><strong><i><span style=\"text-decoration: underline;\"><span style=\"font-family: Copperplate;\"><span style=\"font-size: xx-small;\">INTRODUCCI\u00d3N<\/span><\/span><\/span><\/i><\/strong>Durante el periodo de embarazo las necesidades nutricionales aumentan a la vez para soportar el desarrollo r\u00e1pido del feto y para permitir los cambios que ocurren al cuerpo de la mujer durante este periodo. A lo largo del embarazo, se recomienda tomar m\u00e1s vitaminas y minerales que los que se recomiendan antes del mismo. Por ejemplo, la recomendaci\u00f3n en cuanto a \u00e1cido f\u00f3lico es m\u00e1s del doble y la recomendaci\u00f3n de calcio es del 50 % m\u00e1s durante el embarazo.<\/p>\n<p>\u00bf C\u00f3mo puedes conseguir este aumento de necesidades siguiendo una dieta vegana? Varios estudios realizados en Farm (una comunidad donde la dieta vegana forma parte de un estilo de vida socialmente responsable) demostr\u00f3 que las mujeres veganas pueden tener embarazos saludables y que estos ni\u00f1os pueden seguir con toda seguridad una dieta vegana. \u00c9ste art\u00edculo revisar\u00e1 las necesidades nutricionales durante el embarazo y describir\u00e1 c\u00f3mo una dieta vegana se puede adaptar para conseguir superar dichas necesidades.<\/p>\n<p>A pesar de que las recomendaciones sobre muchas vitaminas y minerales son mayores durante el embarazo, el aumento en necesidad de calor\u00edas es relativamente bajo. Por estas razones, todas las mujeres embarazadas deber\u00e1n llevar cuidado y atenci\u00f3n para asegurarse de que cubren todas sus necesidades nutricionales.<\/p>\n<p><strong><i><span style=\"text-decoration: underline;\"><span style=\"font-family: Copperplate;\"><span style=\"font-size: xx-small;\">QUE TIENES QUE HACERTE<\/span><\/span><\/span><\/i><\/strong><\/p>\n<p>Si est\u00e1s embarazada de poco tiempo o quieres quedarte embarazada, det\u00e9nte un momento y plant\u00e9ate algunas preguntas. Tus respuestas a estas preguntas afectar\u00e1n a algunas elecciones que deber\u00e1s hacer en relaci\u00f3n con la dieta y el estilo de vida durante el embarazo.<\/p>\n<p><strong><span style=\"font-family: 'Zurich Cn BT';\"><span style=\"font-size: xx-small;\">1. \u00bfCu\u00e1l es tu peso antes del embarazo? \u00bfCu\u00e1nto mides?<\/span><\/span><\/strong><\/p>\n<p><span style=\"font-family: 'Zurich Cn BT';\"><span style=\"font-size: xx-small;\">T<\/span><\/span>us respuestas a estas preguntas indican si tienes falta o exceso de peso. Para determinar esto, utiliza la tabla 1 para calcular tu \u00edndice de masa corporal (BMI) y el cociente peso\/altura. Si tienes un BMI moderado, se recomienda durante el embarazo un aumento de peso de 11-16 kilos. Si tu BMI es bajo o muy bajo, deber\u00e1s ganar m\u00e1s peso, entre 13 y 18 kilos. Si tu BMI es alto o muy alto, deber\u00e1s ganar 7 kilos por lo menos.<\/p>\n<p><span style=\"font-family: 'Incised901 BT';\">TABLA 1: \u00cdNDICE DE LA MASA CORPORAL<\/span><\/p>\n<p>Primer paso:<br \/>\nP\u00e9sate antes de quedarte embarazada (peso en kilos) y div\u00eddelo por tu altura (en metros) al cuadrado.<\/p>\n<p>Segundo paso:<br \/>\nUtiliza tu BMI para encontrar tu cociente peso\/altura antes del embarazo y el peso que deber\u00edas aumentar durante el mismo.<\/p>\n<p>&nbsp;<\/p>\n<table border=\"\" width=\"519\" cellpadding=\"4\">\n<tbody>\n<tr>\n<td valign=\"TOP\" width=\"24%\"><center><b><span style=\"text-decoration: underline;\">BMI<\/span><\/b><\/center><\/td>\n<td valign=\"TOP\" width=\"35%\"><center><b><span style=\"text-decoration: underline;\">Peso \/ Altura<\/span><\/b><\/center><\/td>\n<td valign=\"TOP\" width=\"42%\"><center><b><span style=\"text-decoration: underline;\">Aumento de peso recomendado<\/span><\/b><\/center><center><b><span style=\"text-decoration: underline;\">(en kilos)<\/span><\/b><\/center><\/td>\n<\/tr>\n<tr>\n<td valign=\"TOP\" width=\"24%\">Inferior a 20.6<\/td>\n<td valign=\"TOP\" width=\"35%\">Bajo<\/td>\n<td valign=\"TOP\" width=\"42%\">13-18<\/td>\n<\/tr>\n<tr>\n<td valign=\"TOP\" width=\"24%\">20.6 a 27<\/td>\n<td valign=\"TOP\" width=\"35%\">Mediano<\/td>\n<td valign=\"TOP\" width=\"42%\">11-16<\/td>\n<\/tr>\n<tr>\n<td valign=\"TOP\" width=\"24%\">27 a 30.2<\/td>\n<td valign=\"TOP\" width=\"35%\"% \n\n","protected":false},"excerpt":{"rendered":"<p>INTRODUCCI\u00d3NDurante el periodo de embarazo las necesidades nutricionales aumentan a la vez para soportar el desarrollo r\u00e1pido del feto y para permitir los cambios que ocurren al cuerpo de la mujer durante este periodo. A lo largo del embarazo, se recomienda tomar m\u00e1s vitaminas y minerales que los que se recomiendan antes del mismo. Por &hellip; <a href=\"https:\/\/www.asociacionvegana.es\/?page_id=116\" class=\"more-link\">Seguir leyendo <span class=\"screen-reader-text\">Dieta vegana durante\u00a0 el embarazo y la lactancia<\/span> <span class=\"meta-nav\">&rarr;<\/span><\/a><\/p>\n","protected":false},"author":3,"featured_media":0,"parent":74,"menu_order":0,"comment_status":"closed","ping_status":"closed","template":"","meta":{"footnotes":""},"class_list":["post-116","page","type-page","status-publish","hentry"],"_links":{"self":[{"href":"https:\/\/www.asociacionvegana.es\/index.php?rest_route=\/wp\/v2\/pages\/116","targetHints":{"allow":["GET"]}}],"collection":[{"href":"https:\/\/www.asociacionvegana.es\/index.php?rest_route=\/wp\/v2\/pages"}],"about":[{"href":"https:\/\/www.asociacionvegana.es\/index.php?rest_route=\/wp\/v2\/types\/page"}],"author":[{"embeddable":true,"href":"https:\/\/www.asociacionvegana.es\/index.php?rest_route=\/wp\/v2\/users\/3"}],"replies":[{"embeddable":true,"href":"https:\/\/www.asociacionvegana.es\/index.php?rest_route=%2Fwp%2Fv2%2Fcomments&post=116"}],"version-history":[{"count":5,"href":"https:\/\/www.asociacionvegana.es\/index.php?rest_route=\/wp\/v2\/pages\/116\/revisions"}],"predecessor-version":[{"id":179,"href":"https:\/\/www.asociacionvegana.es\/index.php?rest_route=\/wp\/v2\/pages\/116\/revisions\/179"}],"up":[{"embeddable":true,"href":"https:\/\/www.asociacionvegana.es\/index.php?rest_route=\/wp\/v2\/pages\/74"}],"wp:attachment":[{"href":"https:\/\/www.asociacionvegana.es\/index.php?rest_route=%2Fwp%2Fv2%2Fmedia&parent=116"}],"curies":[{"name":"wp","href":"https:\/\/api.w.org\/{rel}","templated":true}]}}